{"id":17,"date":"2018-11-19T19:50:38","date_gmt":"2018-11-19T19:50:38","guid":{"rendered":"http:\/\/integrasoftgro.com\/?page_id=17"},"modified":"2022-10-16T03:07:48","modified_gmt":"2022-10-16T03:07:48","slug":"home","status":"publish","type":"page","link":"https:\/\/integrasoftgro.com\/","title":{"rendered":"Inicio"},"content":{"rendered":"\n\n\n\n\n\n\n\nAnalizamos cada una de las \u00e1reas de la empresa, los m\u00e9todos de trabajo, las herramientas que se usan y la satisfacci\u00f3n de los usuarios, y dise\u00f1amos una arquitectura simple, que integre los recursos actuales de la empresa, para que disponer de las mejores soluciones que nos aporten el mayor rendimiento posible no suponga un coste elevado.\n\n\n\n\n\n\n\n\n\n<h2>Integra Software M\u00e9xico Inc.<\/h2>\n\n\n\n\n\n\n\n\n\n&#8220;Soluciones eficaces para tu empresa&#8221;\n\n\n\n\n\n\n\n\n\n\n\n\n\n\n\n\n\n\n\n\n\n\n\n\n\n\n\n\n\n\n\n\n\n\n\n\n\n\n\n\n\n\n\n\n\n\n\nDesigning\n\n\n\n\nNew York, New York, USA\n\n\n\n\n\n\n\n","protected":false},"excerpt":{"rendered":"","protected":false},"author":1,"featured_media":0,"parent":0,"menu_order":0,"comment_status":"closed","ping_status":"closed","template":"","meta":{"footnotes":""},"yst_prominent_words":[],"class_list":["post-17","page","type-page","status-publish","hentry"],"aioseo_notices":[],"_links":{"self":[{"href":"https:\/\/integrasoftgro.com\/index.php?rest_route=\/wp\/v2\/pages\/17","targetHints":{"allow":["GET"]}}],"collection":[{"href":"https:\/\/integrasoftgro.com\/index.php?rest_route=\/wp\/v2\/pages"}],"about":[{"href":"https:\/\/integrasoftgro.com\/index.php?rest_route=\/wp\/v2\/types\/page"}],"author":[{"embeddable":true,"href":"https:\/\/integrasoftgro.com\/index.php?rest_route=\/wp\/v2\/users\/1"}],"replies":[{"embeddable":true,"href":"https:\/\/integrasoftgro.com\/index.php?rest_route=%2Fwp%2Fv2%2Fcomments&post=17"}],"version-history":[{"count":57,"href":"https:\/\/integrasoftgro.com\/index.php?rest_route=\/wp\/v2\/pages\/17\/revisions"}],"predecessor-version":[{"id":25298,"href":"https:\/\/integrasoftgro.com\/index.php?rest_route=\/wp\/v2\/pages\/17\/revisions\/25298"}],"wp:attachment":[{"href":"https:\/\/integrasoftgro.com\/index.php?rest_route=%2Fwp%2Fv2%2Fmedia&parent=17"}],"wp:term":[{"taxonomy":"yst_prominent_words","embeddable":true,"href":"https:\/\/integrasoftgro.com\/index.php?rest_route=%2Fwp%2Fv2%2Fyst_prominent_words&post=17"}],"curies":[{"name":"wp","href":"https:\/\/api.w.org\/{rel}","templated":true}]}}